f q.
2, 4391
Suppose -24*q + 25*q - 2940 = 0. Suppose p - q = -5*p. Suppose -k + p = 6*k. What are the prime factors of k?
2, 5, 7
Let k(w) = 28*w - 10*w - 173 + 21*w + 56. What are the prime factors of k(8)?
3, 5, 13
Let x(b) = -14*b + 119. Let g be x(-17). Let v = g + -152. What are the prime factors of v?
5, 41
Let t(w) = -30*w**2 - 32*w + 11. Let a(v) = v**2 + v - 3. Let c(h) = -3*a(h) - t(h). List the prime factors of c(4).
2, 3, 7, 13
Let s(b) = 2*b + 268. Let y(o) = -o - 89. Let n(x) = 4*s(x) + 11*y(x). Let l(a) = 36*a + 1044. Let z be l(-29). What are the prime factors of n(z)?
3, 31
Let k be 1*(-1 + (0 - -2)). Let y be (-375)/(1 + -6)*k. Suppose -5*f + v + 169 = -y, -4*f - 2*v = -184. What are the prime factors of f?
2, 3
Suppose -3*b + 229 = 49. Let m = b + -56. Suppose m*h - 14 = -2, -5*d + 228 = -4*h. List the prime factors of d.
2, 3
Suppose -3122426 + 3837278 + 6533226 = 333*x. What are the prime factors of x?
2, 10883
Let w(f) = 92*f + 3. Let d be w(-2). Let p = 304 + d. Let x = -63 + p. List the prime factors of x.
2, 3, 5
Let t be 16586/(-18) + (-16)/(-36). Let b = t + 1525. What are the prime factors of b?
2, 151
Let s = 2909 + -2248. What are the prime factors of s?
661
Suppose -3*d = -6 - 6. Suppose -5*a + 2*h + 321 = -683, -a + d*h = -208. What are the prime factors of a?
2, 5
Let q = 50 + -46. Suppose 6*j - 2*j = q*u + 4, -3*u - 4*j = 31. List the prime factors of (u/(-3))/(-5) + 1415/15.
2, 47
Let d be (-243)/(-12)*(-9)/(54/(-16)). Suppose -57*o + d*o = -153. What are the prime factors of o?
3, 17
Suppose 4*h - 86 = -2*x, 4*x - 2*h = -0*h + 202. Let l = 135 - x. List the prime factors of l.
2, 43
Let f = 2347 - 596. What are the prime factors of f?
17, 103
Suppose -2*i - 3*w + 20 = 0, i + 0*i + 3*w = 16. Suppose 906 = i*b + 2*b. Let p = b + -32. List the prime factors of p.
7, 17
Suppose 13*a - 404 = 194. Suppose -30*y - 15232 = -a*y. List the prime factors of y.
2, 7, 17
Let k(j) = 2*j - 3. Let u be k(2). Suppose 5*h - 13 - 2 = -4*l, -u = -4*h - l. What are the prime factors of (-1090)/(-14) + h/(-7)?
2, 3, 13
List the prime factors of (8 + -126928)/(-10) + 13.
3, 5, 7, 11
Suppose d = -317 - 1434. Let s = -984 - d. What are the prime factors of s?
13, 59
Let n = 12799 + -6140. What are the prime factors of n?
6659
Let n = 135 - 124. Suppose -n*b = -3*b. Suppose -4*w + w + 3*j + 321 = b, 326 = 3*w - 2*j. List the prime factors of w.
2, 7
Let i be (12/(-5))/(((-32)/(-60))/(-4)). Suppose -34 = -13*l + i. Suppose -3*o + 418 = 2*s, l*o - 4*s - 528 - 16 = 0. What are the prime factors of o?
2, 3, 23
List the prime factors of ((-50139)/(-6) - 4) + (-308)/(-88).
2, 2089
Suppose -22370 = 12*r - 17*r - 2*d, 0 = 4*r + 3*d - 17903. What are the prime factors of r?
2, 13, 43
Suppose -16*z + 17*z + 1837 = c, 5581 = 3*c + 7*z. List the prime factors of c.
2, 461
Let c(q) = 6*q + 52. Let g be c(-16). Let u = 160 + g. What are the prime factors of u?
2, 29
Let x = 835 - 377. Suppose -5*h + 1926 = 3*t, 0 = t + 3*h - x - 188. List the prime factors of t.
7, 13
Let h(g) = 212*g + 1651. List the prime factors of h(57).
5, 41, 67
Suppose 36*b = 13*b. Suppose 8*i = 6*i + 2*m + 406, -i + 3*m + 213 = b. What are the prime factors of i?
2, 3, 11
Let o(x) = -x**3 + 9*x**2 - 21*x + 4. Let a be o(4). Suppose a = 33*z - 30*z - 1713. What are the prime factors of z?
571
Suppose 0 = 34*t - 30*t - 23336 - 23612. List the prime factors of t.
11, 97
Let p(g) = g**2 + 12*g + 11. Let d be p(-12). Let x(u) = -4*u - 7. Let l be x(d). Let q = 154 + l. List the prime factors of q.
103
Suppose 257*a = 4*h + 258*a - 2990, -5*h + 3731 = -2*a. List the prime factors of h.
3, 83
Suppose -17041*s + 17021*s = -664340. What are the prime factors of s?
59, 563
Suppose -4*m + 2929 = -7*c + 4*c, 0 = m - 5*c - 728. Let q = -435 + m. List the prime factors of q.
2, 149
Suppose -65 = -5*v + t, -2*v + 6*v = -t + 43. Suppose -24*o + 26*o - v = 0. Suppose 2*b = -3*f + 18, -6*f + b = -7*f + o. List the prime factors of f.
2, 3
Let u = -8118 - -14704. What are the prime factors of u?
2, 37, 89
Suppose -3*x - 8*i + 6*i + 2814 = 0, -3*i + 9 = 0. Let q = x + -508. List the prime factors of q.
2, 107
Let z be (-2 - (-2)/2)*(-175)/(-5). Let i = z + 39. Suppose c - 3*u - 143 = 0, -4*c + 5*u - i*u = -627. What are the prime factors of c?
2, 79
Let i = -36 - -2. What are the prime factors of (-11496)/i + 16/(-136)?
2, 13
Let j be 17 - -2*(-4)/(-8). Let x be ((1000/6)/(-4))/((-6)/j). What are the prime factors of 467/5 + (-50)/x?
3, 31
Suppose -h - 2*r + 32 = 0, 15*r + 103 = 3*h + 14*r. Suppose -h*k + 382 = -502. List the prime factors of k.
2, 13
Let h(z) = -570*z**2 + 4*z - 1. Let o be h(1). Let m = o + 855. List the prime factors of m.
2, 3
Suppose -2*j = 2*h + 382, 3*h + 2*j = -0*j - 571. List the prime factors of 4/18 + (-77070)/h.
2, 3, 17
Suppose 0 = -5*k - 2*h + 2616 + 19640, -3*h = 5*k - 22254. What are the prime factors of k?
2, 3, 7, 53
What are the prime factors of 3814990/141*144/60?
2, 8117
Suppose -27*m + 547610 = 7*m - 92474. What are the prime factors of m?
2, 9413
Suppose 2*z - c = 3166, 2197 = z + c + 614. What are the prime factors of z?
1583
Let m = 77203 + -44245. List the prime factors of m.
2, 3, 1831
Suppose -97*g + 98*g = 25. Suppose -4*k - 12 - 3 = -3*s, 5*s + 5*k = 25. Suppose s*c - g = 40. What are the prime factors of c?
13
List the prime factors of (-33421 + 1)*(-1908)/1060.
2, 3, 557
Let x = 47 + -22. Let b(i) = i**2 - 10 - 9 - 8 + x + i. List the prime factors of b(4).
2, 3
Let d be ((-19)/(741/104))/(2/(-3)). Suppose -900 = -5*z - 2*w + 2035, 3*w - 2355 = -d*z. List the prime factors of z.
3, 5, 13
Let l = 51 - 35. Suppose 12*h + 16 = l*h. Suppose -2*v + 0*v + c + 240 = 0, -v - h*c + 102 = 0. List the prime factors of v.
2, 59
Suppose 1754 = 5*k - 326. Suppose 31*x - 74*x = -129. Suppose 2*w - q = x*w - 98, -4*w + k = -2*q. List the prime factors of w.
2, 3, 17
Let f(m) = 2340*m + 509. What are the prime factors of f(4)?
71, 139
Let w(q) = 29*q + 33*q - 14 - 18*q. Suppose 2*i + 24 = 4*p, 29*i - 27*i + 14 = 2*p. List the prime factors of w(p).
2, 103
Let t(l) = -360*l - 455. List the prime factors of t(-28).
5, 7, 11
Let g = 38 + -36. Suppose 12 = -3*i, -g*i = -3*f - 7*i + 1987. List the prime factors of f.
3, 223
Let o(q) = 81*q + 3494. What are the prime factors of o(41)?
5, 29, 47
Let c = -88 + 88. Let w be (-27)/(-54) - (31/2 - c). List the prime factors of (-1563)/w + 6/(-30).
2, 13
Suppose 12*z + 756 = 5*z. List the prime factors of (-4293)/z*((-38)/(-6) - 1).
2, 53
Let v = 6783 - 251. What are the prime factors of v?
2, 23, 71
Let o = -207 + 315. Suppose 3*v + 2*u = 1835, 3*v - 4*u = 1757 + o. What are the prime factors of v?
3, 5, 41
List the prime factors of (148*(-10)/120)/((-2)/402).
37, 67
Suppose 59 = -5*l + 69. Let w = 7 - 5. Suppose l*a - w*z - 178 = 0, 5*z - 27 + 2 = 0. What are the prime factors of a?
2, 47
Let w be -443*(-3)/(-6)*-2. Suppose -7*z = -1451 + w. List the prime factors of z.
2, 3
Let t(z) = 35*z**3 + 13*z**2 + 18*z + 7. What are the prime factors of t(6)?
17, 479
Let v = -1019 - -2444. List the prime factors of v.
3, 5, 19
Suppose 142*j - 144*j = 3*g - 41967, -4*g = -4. What are the prime factors of j?
2, 3, 13, 269
Let a(z) = -23*z**2 + 8 + 23*z**2 + z**3 + 21*z - 20*z. Let m be 2/(-10) + 104/20. List the prime factors of a(m).
2, 3, 23
Suppose 0 = -4*j + 11293 + 28223. What are the prime factors of j?
3, 37, 89
Let y(q) = -26*q - 212. Let w be y(-13). Let a = 24 + -17. Suppose w = a*s - s. List the prime factors of s.
3, 7
Let r(w) = w**2 + 28*w - 161. Let k be r(-32). Let z(t) = t**2 - 15*t - 241. What are the prime factors of z(k)?
17, 79
Let s(o) = 245*o + 245. Let p be s(8). Let z = 4105 - p. List the prime factors of z.
2, 5, 19
Let s = -388 + 553. Let v = 259 - s. List the prime factors of v.
2, 47
Suppose -3*l + 3 = -9. Suppose 0*n - 278 = -n + k, -l*k + 1112 = 4*n. Suppose 3*c - n = -d, c = -c + 2*d + 196. List the prime factors of c.
2, 47
Suppose -2*h - 7*x + 15002 = -8*x, -5*h + 37516 = 3*x. List the prime factors of h.
2, 11, 31
Let l(m) = 3 - 5*m + m**2 + 2*m - 14. Let g be l(21). List the prime factors of (-10)/25 - g*1/(-5).
73
Suppose 5*j - 33*j + 391608 = 0. Suppose 0 = -172*t + 163*t + j. What are th